erivative of b**5/60 - b**4/8 + b**3/2 + b**2. What is l(u)?
1
Let s(t) be the third derivative of t**4/6 - t**3/6 - t**2. Suppose 5*w = -1 - 4. What is s(w)?
-5
Let x(s) be the third derivative of s**6/45 + s**5/120 + 4*s**3/3 + s**2. Let l(z) be the first derivative of x(z). Give l(1).
9
Let v(f) = -f + 14 + 5 - 15. Calculate v(-4).
8
Suppose 5 = -b + 10. Let q(v) = -v**3 + 6*v**2 - 5*v + 1. Determine q(b).
1
Let t(m) = -6*m + 14. Let j be t(3). Let o(h) = -h - 5. What is o(j)?
-1
Let x(p) = p**3 + p - 2. Suppose 3*g - g + 6 = 0. Let a be 2/3 - (-29)/g. Let m(v) = -v - 9. Let b be m(a). What is x(b)?
-2
Let t(l) = l + 2. Let p(h) = h. Let u(d) = 2*p(d) - t(d). What is u(3)?
1
Let z(a) = -3*a**3 + 8*a**2 + 13*a + 3. Let i(k) = 5*k**3 - 12*k**2 - 20*k - 4. Let t(y) = -5*i(y) - 8*z(y). What is t(-3)?
-1
Let c be 2 + (-122)/14 + (-18)/63. Let f(t) be the third derivative of -t**4/24 - 2*t**3 + 2*t**2. Calculate f(c).
-5
Let v(p) = -p**3 - p**2 + p + 1. Let c(j) = -6*j**3 - 7*j**2 + 7*j + 4. Let q(n) = -c(n) + 5*v(n). What is q(-3)?
-2
Let t(p) be the first derivative of -p**2 + 3*p - 2. Suppose -4*a + 12 = 7*r - 2*r, 3 = a - 2*r. Suppose 2*i - 20 = -a*i. Calculate t(i).
-5
Let r = 3 + -4. Let j(c) = 11*c - 6*c - 4*c + c**2. Give j(r).
0
Let n(j) = j + 1. Let m be n(3). Let r = -9 + 9. Let i(t) = 2*t - 7 - t**2 + r*t**2 + 6. Calculate i(m).
-9
Let y(v) be the third derivative of 1/60*v**5 + 0 + 0*v**3 - 1/12*v**4 - v**2 + 0*v. Let s(n) = -n**3 + n**2 + n. Let o be s(2). What is y(o)?
8
Let w(k) = k**2 + 5*k - 1. Suppose 0 = -v - 1 + 4. Suppose -5*c + v + 23 = -r, -4*r = -5*c + 29. Let p be (r - (0 + -3)) + -7. Give w(p).
-1
Let k(b) = -b**3 - 5*b**2 - 6*b - 2. Let n be k(-4). Let a be (8/10)/((-3)/(-15)). Let j(d) = 3*d**3 - d - a*d**3 + 1 + 6*d**2 + 6. Calculate j(n).
1
Let z(p) = p**3 + p**2 - 2*p - 2. Let c = 52 - 54. Give z(c).
-2
Let q(t) be the second derivative of t**7/2520 - t**5/120 + t**4/6 - 2*t. Let k(z) be the third derivative of q(z). Suppose -2*o + o = 1. What is k(o)?
0
Let o(h) = 8*h**2 - 3*h - 7. Let c(z) = 4*z**2 - z - 3. Let p(t) = 5*c(t) - 2*o(t). Let l be p(1). Let k = l + -3. Let d(s) = -4*s - 1. Calculate d(k).
-5
Let o(j) = j**2 + 6*j + 4. Let a be 2/8 + 75/20. Suppose 0 = 5*z + 2*m + 14, -m + 19 + 0 = -a*z. Determine o(z).
-4
Let z(h) = h**2 - 2. Let b = 3 + -1. Suppose b*x - 15 = -3*x. Let o = x + -5. What is z(o)?
2
Let f be (-5)/(10/(-6)) + 1. Let n(o) = -o**3 + 6*o**2 - 7*o + 6. Let q be n(f). Suppose 2*t - q = -3*t. Let r(b) = -3*b + 2. What is r(t)?
-4
Let h(j) = 2*j - 2. Let n(b) = b. Let z(q) = h(q) - 3*n(q). Calculate z(-7).
5
Suppose -4*a + 22 = -c, 4*c + 22 = 5*a - 0*c. Suppose 8*w - a = 6*w. Let r(t) = -t**3 + 2*t**2 + 3. Give r(w).
-6
Let c(z) = 21 + 21 - 39 + z. Give c(-3).
0
Let q(k) = k**3 - 3*k**2 + 3*k - 2. Suppose -m - t = -1 - 7, 2*t - 19 = -3*m. Suppose -m*x + 7*x = -8. Let j be -3 - -3 - (x + 0). Calculate q(j).
0
Let z(b) be the first derivative of -b + 5/2*b**2 - 2. Let u(l) = l**3 + 3*l**2 + l - 1. Let c be u(-2). What is z(c)?
4
Let f be ((-1)/(-1))/(1/6*3). Let p(v) = -2 + 4 - 4 - 2*v. Calculate p(f).
-6
Let v be ((-6)/4)/((-3)/6). Suppose 5*a + 6 = 2*a - 2*h, 5*h + 15 = v*a. Let p(k) = -k**3 - k**2 - k + 3. Give p(a).
3
Let j(k) = -6*k + 4. Let m(v) = -5*v + 4. Suppose -2*l + 3*n = 11, -l + 10 = 2*n - 2. Let h(w) = l*j(w) - 3*m(w). What is h(3)?
5
Let u(f) = f**3 - f + 8. Suppose -4*h + 20 = 0, m - 6*m + 5*h = 25. What is u(m)?
8
Let l(m) = 2*m**2 + m. Let k be l(1). Let g(i) = 0*i**2 - i**2 + 3*i**2 - i**k + 2*i. Determine g(3).
-3
Let z(a) = a**2 + 8*a + 7. Let g = -18 - -11. Calculate z(g).
0
Suppose 5*d - 6 = 14. Let h(x) be the third derivative of x**5/60 - 5*x**4/24 + 5*x**3/6 - 6*x**2. Give h(d).
1
Let r(t) be the second derivative of t**4/12 - t**3/2 - 2*t**2 - 17*t. Give r(5).
6
Let d(c) = -c**3 - 9*c**2 - 2. Let i(r) = -2*r**2 + r + 1. Let p be i(-2). Calculate d(p).
-2
Let y(d) = 5*d**2 + d + 4. Let o be y(-3). Let r(p) = o - p**2 - 49 + 0*p**2. What is r(0)?
-3
Let i(j) = -2*j**2 - 6*j - 2. Let c be i(-4). Let k = c + 14. Suppose k*n - 3*n = -2*z - 9, 0 = 2*n + 2. Let a(m) = m**3 + 4*m**2 + m - 1. Calculate a(z).
-5
Let z be ((-40)/(-25))/(2/10). Suppose 12 + z = -4*t. Let y(i) be the second derivative of i**3/6 - i**2 - i. Calculate y(t).
-7
Let c(r) = r**3 + 2*r**2 + r + 3. Suppose 3*v = z + 10, -5*v = 3*z - 14 - 12. Let p = z - 5. What is c(p)?
-9
Let t(g) = g**2 + 8*g + 5. Suppose 0 = -5*z - 5*h - 20, z + 6 = -z - 4*h. Let o = -12 - z. Determine t(o).
-2
Let o = 8 + -13. Let j(l) = l + 3. Let p be j(2). Let m(n) = -n + 0*n - 4 - p + 4. Give m(o).
0
Let k(h) = 3*h - 6 + 0 - 4*h + 9*h**2. Let r(t) = 5*t**2 - t - 3. Let u(v) = -4*k(v) + 7*r(v). What is u(-4)?
-1
Let y(j) = -7*j**2 - 5*j - 4. Let f(v) = v**2. Let l(g) = -6*f(g) - y(g). Determine l(-5).
4
Suppose 0*m + 5*m + 15 = 0. Let s(c) = 4*c - 2. What is s(m)?
-14
Let w(s) = -17*s**2 + 2*s + 12*s**2 - 2*s**3 - 1 + s**3 + 6. Suppose 2*r + 3*r + 50 = -5*j, -2*j = -2*r. Give w(r).
-5
Suppose -5*i = -2*i + 51. Let u(c) = 2*c**2 - 11*c + 20. Let w(j) = j**2 - 4*j + 7. Let f be (-2)/((-3)/(-18)*-2). Let g(n) = f*u(n) + i*w(n). Calculate g(-1).
-6
Let t(m) = m + 6. Let g(s) = 4*s + 23. Let l(j) = -2*g(j) + 9*t(j). Let b be l(-8). Let q(f) = -f + 2. Determine q(b).
2
Let g(b) = -b**2 - 10*b - 1. Let h be g(-9). Let c(t) = -8*t + 2*t - h*t + 15*t. Give c(1).
1
Let r(b) be the first derivative of b**4/4 + 4*b**3/3 - b**2 + 4*b - 33. Determine r(-4).
12
Suppose 3*t + 2*h - 6 = -t, -t + 3*h = -19. Let j(v) be the first derivative of -v**3/3 + v**2 + v - 2. Give j(t).
-7
Let z be 3*(-1 + 2 + 0). Let w(b) = b**3. Let x(l) = l**3 + 2*l**2 + l - 3. Let i(a) = 2*w(a) - x(a). Determine i(z).
9
Let g(n) be the first derivative of -n**3 - 3/2*n**2 - 3*n - 3 - 1/2*n**4. Calculate g(-2).
7
Let s(g) = -g**2 + 2*g - 2. Let r be (-1)/6 + 19/6. Calculate s(r).
-5
Let s(u) be the first derivative of -u**4/2 - 4*u**3/3 - u**2 + 10. What is s(-2)?
4
Let q be (-2)/2 - (-3 - 0). Let v(k) be the third derivative of -k**4/6 + k**3/2 - k**2 + 8*k. Give v(q).
-5
Let l(i) = 3*i**3 - 5*i**2 - 4. Let j(c) = -2*c**3 + 5*c**2 + 3. Let s(h) = 4*j(h) + 3*l(h). What is s(-5)?
0
Suppose 3*s + 2 = -4*q, 3*s = 4*q - 8 - 2. Let y(d) = 7*d - 1. Determine y(q).
6
Let b(s) = -13*s - 1. Suppose -2*r = -0*r + 3*h - 18, -5*r = -3*h - 3. Suppose -z - r = -2. Determine b(z).
12
Let c = 12 - 7. Let u(g) = c*g**2 - 3*g**2 + g**3 - 6*g**2 - 4. Calculate u(4).
-4
Let n(i) be the first derivative of 7*i**4/4 - 2*i**3/3 + i + 6. Suppose a = -4*a + 20. Suppose 5*c - a = c. Determine n(c).
6
Let r(n) = n**2 - 8*n - 6. Let f(t) = -t. Let l(v) = -2*f(v) + r(v). What is l(6)?
-6
Let u(d) = -d**2 + d + 14. Let v be u(4). Let z(s) = -s**2 - 4*s + 3. Give z(v).
-9
Let x(b) be the second derivative of -b**6/20 + b**5/60 + b**4/24 - b**2/2 + 2*b. Let i(v) be the first derivative of x(v). What is i(-1)?
6
Let h(p) = 7*p**3 + 2*p**2 - 16*p + 8. Let y(z) = -6*z**3 - 3*z**2 + 15*z - 7. Let o(c) = 5*h(c) + 6*y(c). Give o(-9).
-11
Let b(m) = -m - 5. Let x = -16 + 10. What is b(x)?
1
Let r be (3 - (0 + 2))*7. Let l(q) = -3*q + r*q - 8 + q + q**2. Determine l(-6).
-2
Let m(r) = r - 9. Let v(n) = -9*n - 12. Let k be v(-2). Determine m(k).
-3
Let p(s) = -s**3 - 5*s**2 - 3*s - 5. Let h(b) = 2*b**3 + 10*b**2 + 5*b + 11. Let d(o) = -2*h(o) - 5*p(o). Determine d(-3).
6
Let p(x) be the second derivative of 0 - 2*x**2 + 5/12*x**4 + 1/20*x**5 + x + 1/3*x**3. What is p(-4)?
4
Let u(a) = -2*a**3 - 1 + 12*a**2 - 8*a**2 - 3 + 5*a + a**3. Let d = 5 + -3. Suppose -z + d = -3. Give u(z).
-4
Suppose -s + 2*s + 1 = 0. Let h = -1 - s. Let m(w) = w + h*w + 3 + 0 + 0. What is m(-6)?
-3
Let a(p) = p**3 - p**2 + p - 6. Suppose 4*o - 20 = -s, -3*s + 5 = s + o. Give a(s).
-6
Let v(r) be the third derivative of -r**7/1260 + r**6/360 + r**5/20 - r**2. Let p(c) be the third derivative of v(c). Determine p(3).
-10
Let i(t) = t**2 + 4*t - 6. Suppose 2*n + 10 = -3*p, -2*p - 2*n = 2*n - 4. What is i(p)?
6
Suppose -3*d - m = 11, -2*m - 15 = m. Let t(x) = 8*x - 1. Let b(k) = 25*k - 4. Let q(y) = d*b(y) + 7*t(y). Calculate q(-1).
-5
Let a(l) = l**3 + 2*l**2 - 5*l - 2. Let p be a(-3). Let x(u) = -u**3 + 5*u**2 - 3*u + 1. What is x(p)?